of 3442289?
3
What is the thousands digit of 37934685?
4
What is the thousands digit of 36214?
6
What is the hundred thousands digit of 716515?
7
What is the ten thousands digit of 94723?
9
What is the tens digit of 41906679?
7
What is the ten thousands digit of 189177?
8
What is the tens digit of 2397511?
1
What is the thousands digit of 518164?
8
What is the millions digit of 10494022?
0
What is the millions digit of 1020294?
1
What is the hundred thousands digit of 100185?
1
What is the ten thousands digit of 16934758?
3
What is the tens digit of 835607?
0
What is the hundreds digit of 253314?
3
What is the hundred thousands digit of 4634789?
6
What is the millions digit of 1016379?
1
What is the units digit of 254443?
3
What is the thousands digit of 267031?
7
What is the hundred thousands digit of 2692506?
6
What is the hundred thousands digit of 2583446?
5
What is the thousands digit of 85593?
5
What is the units digit of 514611?
1
What is the tens digit of 8075643?
4
What is the hundred thousands digit of 587395?
5
What is the hundred thousands digit of 670150?
6
What is the ten thousands digit of 85244?
8
What is the tens digit of 1393956?
5
What is the units digit of 6723548?
8
What is the ten thousands digit of 165835?
6
What is the tens digit of 1507791?
9
What is the ten thousands digit of 769457?
6
What is the ten thousands digit of 650713?
5
What is the units digit of 515832?
2
What is the tens digit of 2491284?
8
What is the hundreds digit of 736116?
1
What is the hundred thousands digit of 193498?
1
What is the hundreds digit of 943222?
2
What is the hundreds digit of 983235?
2
What is the millions digit of 2609465?
2
What is the tens digit of 860453?
5
What is the thousands digit of 416863?
6
What is the hundreds digit of 534876?
8
What is the hundreds digit of 301139?
1
What is the thousands digit of 74636?
4
What is the units digit of 559319?
9
What is the hundreds digit of 1084756?
7
What is the units digit of 180513?
3
What is the units digit of 450992?
2
What is the ten thousands digit of 1293463?
9
What is the ten thousands digit of 592104?
9
What is the hundreds digit of 7101870?
8
What is the hundreds digit of 583797?
7
What is the tens digit of 1413953?
5
What is the hundred thousands digit of 566397?
5
What is the tens digit of 234033?
3
What is the thousands digit of 2565796?
5
What is the thousands digit of 704869?
4
What is the tens digit of 4232475?
7
What is the thousands digit of 32069401?
9
What is the units digit of 926218?
8
What is the hundred thousands digit of 2701652?
7
What is the millions digit of 1720715?
1
What is the tens digit of 178550?
5
What is the tens digit of 5724900?
0
What is the hundred thousands digit of 433559?
4
What is the tens digit of 279248?
4
What is the hundreds digit of 5176001?
0
What is the thousands digit of 196466?
6
What is the units digit of 11034382?
2
What is the thousands digit of 149857?
9
What is the units digit of 5109992?
2
What is the hundreds digit of 13217?
2
What is the units digit of 3422165?
5
What is the hundreds digit of 1501592?
5
What is the units digit of 12159334?
4
What is the hundred thousands digit of 4678452?
6
What is the millions digit of 4205453?
4
What is the hundred thousands digit of 526417?
5
What is the ten thousands digit of 2319797?
1
What is the millions digit of 1803330?
1
What is the ten thousands digit of 43792861?
9
What is the tens digit of 4678639?
3
What is the hundreds digit of 64598?
5
What is the hundreds digit of 133088?
0
What is the hundreds digit of 284894?
8
What is the tens digit of 175259?
5
What is the tens digit of 223942?
4
What is the ten thousands digit of 177078?
7
What is the units digit of 69695?
5
What is the ten thousands digit of 43589?
4
What is the thousands digit of 663205?
3
What is the hundreds digit of 4353274?
2
What is the thousands digit of 79372?
9
What is the hundred thousands digit of 257626?
2
What is the hundreds digit of 8699501?
5
What is the millions digit of 2291480?
2
What is the tens digit of 295015?
1
What is the hundreds digit of 693095?
0
What is the thousands digit of 1508235?
8
What is the hundred thousands digit of 332229?
3
What is the hundred thousands digit of 125050?
1
What is the hundred thousands digit of 473245?
4
What is the hundreds digit of 1151512?
5
What is the ten thousands digit of 989390?
8
What is the ten thousands digit of 7209655?
0
What is the hundred thousands digit of 16488340?
4
What is the hundred thousands digit of 2481296?
4
What is the hundreds digit of 11884357?
3
What is the ten thousands digit of 3703181?
0
What is the hundred thousands digit of 3648799?
6
What is the tens digit of 466924?
2
What is the hundreds digit of 911613?
6
What is the thousands digit of 14967253?
7
What is the ten thousands digit of 12668236?
6
What is the thousands digit of 7240847?
0
What is the hundred thousands digit of 153708?
1
What is the hundred thousands digit of 6581885?
5
What is the hundred thousands digit of 650548?
6
What is the ten thousands digit of 25657613?
5
What is the millions digit of 23992543?
3
What is the thousands digit of 2882106?
2
What is the tens digit of 41498?
9
What is the ten thousands digit of 10090124?
9
What is the hundreds digit of 1942578?
5
What is the hundreds digit of 2802?
8
What is the hundreds digit of 648280?
2
What is the hundreds digit of 1026868?
8
What is the hundreds digit of 35938?
9
What is the millions digit of 2553379?
2
What is the tens digit of 2100038?
3
What is the hundreds digit of 773389?
3
What is the hundreds digit of 10326445?
4
What is the units digit of 2082080?
0
What is the hundreds digit of 441905?
9
What is the thousands digit of 2567507?
7
What is the hundreds digit of 644385?
3
What is the thousands digit of 859615?
9
What is the units digit of 5102666?
6
What is the thousands digit of 6245454?
5
What is the units digit of 7501336?
6
What is the hundreds digit of 21533568?
5
What is the ten thousands digit of 741475?
4
What is the tens digit of 195026?
2
What is the thousands digit of 230773?
0
What is the thousands digit of 549584?
9
What is the ten thousands digit of 111591?
1
What is the ten thousands digit of 142442?
4
What is the tens digit of 6306770?
7
What is the hundred thousands digit of 192087?
1
What is the units digit of 10916?
6
What is the units digit of 32424571?
1
What is the hundred thousands digit of 9001941?
0
What is the hundred thousands digit of 1519754?
5
What is the tens digit of 540402?
0
What is the hundreds digit of 502009?
0
What is the thousands digit of 9339364?
9
What is the units digit of 706119?
9
What is the hundreds digit of 17531?
5
What is the thousands digit of 893078?
3
What is the units digit of 3507184?
4
What is the hundreds digit of 40157?
1
What is the hundred thousands digit of 691032?
6
What is the tens digit of 329487?
8
What is the hundreds digit of 1979602?
6
What is the ten thousands digit of 504327?
0
What is the millions digit of 4392356?
4
What is the hundred thousands digit of 100081?
1
What is the hundreds digit of 880904?
9
What is the ten thousands digit of 663125?
6
What is the ten thousands digit of 6696824?
9
What is the hundred thousands digit of 15204212?
2
What is the units digit of 3558032?
2
What is the tens digit of 216104?
0
What is the hundreds digit of 6029996?
9
What is the hundred thousands digit of 386498?
3
What is the hundreds digit of 796880?
8
What is the ten thousands digit of 366158?
6
What is the units digit of 442603?
3
What is the hundred thousands digit of 736496?
7
What is the hundreds digit of 2232886?
8
What is the tens digit of 17351082?
8
What is the ten thousands digit of 22071854?
7
What is the ten thousands digit of 148575?
4
What is the hundreds digit of 157984?
9
What is the units digit of 84504?
4
What is the hundreds digit of 274913?
9
What is the hundred thousands digit of 2262634?
2
What is the tens digit of 128929?
2
What is the units digit of 1667691?
1
What is the hundreds digit of 5892490?
4
What is the hundreds digit of 142769?
7
What is the hundred thousands digit of 11688044?
6
What is the hundreds digit of 1785402?
4
What is the hundreds digit of 3712504?
5
What is the hundreds digit of 68276?
2
What is th